it of 618614658?
4
What is the millions digit of 4869040574?
9
What is the tens digit of 17734574?
7
What is the tens digit of 1242671280?
8
What is the tens digit of 20549214?
1
What is the hundreds digit of 19635537?
5
What is the units digit of 55823576?
6
What is the units digit of 185122904?
4
What is the ten millions digit of 6517577217?
1
What is the hundreds digit of 103917165?
1
What is the ten millions digit of 140718583?
4
What is the tens digit of 771107798?
9
What is the units digit of 158472593?
3
What is the hundred thousands digit of 3117239957?
2
What is the ten thousands digit of 90412549?
1
What is the millions digit of 285204682?
5
What is the hundreds digit of 273159622?
6
What is the tens digit of 2404896653?
5
What is the ten thousands digit of 125020787?
2
What is the ten millions digit of 46891143?
4
What is the tens digit of 25334304?
0
What is the hundred thousands digit of 167557996?
5
What is the tens digit of 741270891?
9
What is the ten millions digit of 28381261?
2
What is the ten millions digit of 94988522?
9
What is the hundreds digit of 691969890?
8
What is the thousands digit of 604194950?
4
What is the hundred thousands digit of 624159402?
1
What is the thousands digit of 6333064156?
4
What is the hundred thousands digit of 1477953950?
9
What is the ten thousands digit of 559796726?
9
What is the thousands digit of 1548105088?
5
What is the hundreds digit of 2407113167?
1
What is the hundreds digit of 280752380?
3
What is the ten thousands digit of 152381654?
8
What is the tens digit of 70679139?
3
What is the units digit of 325414081?
1
What is the millions digit of 22171600?
2
What is the ten thousands digit of 328638456?
3
What is the units digit of 33421653?
3
What is the ten thousands digit of 3828926905?
2
What is the hundreds digit of 1929565?
5
What is the tens digit of 440113493?
9
What is the ten thousands digit of 90893267?
9
What is the ten millions digit of 2531226203?
3
What is the thousands digit of 20730860?
0
What is the hundred thousands digit of 12748223?
7
What is the units digit of 37283?
3
What is the tens digit of 344039027?
2
What is the hundred millions digit of 199201264?
1
What is the ten thousands digit of 665350191?
5
What is the ten thousands digit of 22171329?
7
What is the millions digit of 244822882?
4
What is the tens digit of 509921261?
6
What is the hundred millions digit of 2160915653?
1
What is the ten millions digit of 86095680?
8
What is the units digit of 6277292?
2
What is the ten thousands digit of 6051140692?
4
What is the units digit of 156976849?
9
What is the hundred thousands digit of 12334476?
3
What is the hundred millions digit of 366280062?
3
What is the ten thousands digit of 168674103?
7
What is the hundred thousands digit of 24458555?
4
What is the ten millions digit of 5541405947?
4
What is the ten millions digit of 1177232221?
7
What is the tens digit of 521984844?
4
What is the ten millions digit of 184886596?
8
What is the hundreds digit of 117562449?
4
What is the hundred thousands digit of 183848144?
8
What is the millions digit of 119214086?
9
What is the millions digit of 2275412356?
5
What is the units digit of 36674319?
9
What is the billions digit of 1054138811?
1
What is the hundreds digit of 2563525523?
5
What is the hundred millions digit of 1468913168?
4
What is the ten millions digit of 247052233?
4
What is the hundreds digit of 127037980?
9
What is the tens digit of 198626403?
0
What is the hundred thousands digit of 68597617?
5
What is the ten millions digit of 62405122?
6
What is the hundreds digit of 51950512?
5
What is the ten thousands digit of 480599993?
9
What is the hundred thousands digit of 78074909?
0
What is the hundred thousands digit of 2344581244?
5
What is the hundreds digit of 2505268524?
5
What is the tens digit of 52456671?
7
What is the thousands digit of 226154922?
4
What is the hundreds digit of 119360382?
3
What is the hundred thousands digit of 23427920?
4
What is the hundred millions digit of 255307423?
2
What is the tens digit of 310328213?
1
What is the units digit of 48213098?
8
What is the millions digit of 1799067542?
9
What is the thousands digit of 105523833?
3
What is the thousands digit of 1565152929?
2
What is the thousands digit of 2289687877?
7
What is the hundred thousands digit of 28580100?
5
What is the hundred thousands digit of 80310811?
3
What is the tens digit of 203570140?
4
What is the hundred thousands digit of 776636451?
6
What is the ten millions digit of 416213978?
1
What is the ten millions digit of 4514535409?
1
What is the hundred thousands digit of 233070759?
0
What is the ten thousands digit of 145418754?
1
What is the tens digit of 29259745?
4
What is the ten millions digit of 6847303616?
4
What is the ten millions digit of 178073356?
7
What is the billions digit of 4287825840?
4
What is the ten thousands digit of 528127014?
2
What is the tens digit of 383147207?
0
What is the hundred millions digit of 2871964139?
8
What is the thousands digit of 84194955?
4
What is the tens digit of 7531116?
1
What is the units digit of 24529875?
5
What is the hundred thousands digit of 446606811?
6
What is the hundreds digit of 2289921993?
9
What is the hundred millions digit of 108955409?
1
What is the units digit of 6060777665?
5
What is the millions digit of 4944810441?
4
What is the thousands digit of 1422340845?
0
What is the millions digit of 629450967?
9
What is the units digit of 369281599?
9
What is the hundred thousands digit of 1124352286?
3
What is the thousands digit of 61312325?
2
What is the tens digit of 18688388?
8
What is the tens digit of 89034013?
1
What is the ten millions digit of 14849183?
1
What is the hundred thousands digit of 65841957?
8
What is the hundred thousands digit of 582070329?
0
What is the ten thousands digit of 156414638?
1
What is the ten millions digit of 229570025?
2
What is the hundred thousands digit of 468583047?
5
What is the ten thousands digit of 136051436?
5
What is the ten thousands digit of 490067879?
6
What is the ten millions digit of 2196812248?
9
What is the hundreds digit of 2257391590?
5
What is the millions digit of 3417906347?
7
What is the units digit of 340380243?
3
What is the hundred millions digit of 703189628?
7
What is the units digit of 1547552700?
0
What is the tens digit of 1903421802?
0
What is the units digit of 127553046?
6
What is the units digit of 562428027?
7
What is the billions digit of 1805199824?
1
What is the thousands digit of 83384336?
4
What is the hundred thousands digit of 188224125?
2
What is the hundred thousands digit of 3437839474?
8
What is the hundreds digit of 3560357056?
0
What is the thousands digit of 59704564?
4
What is the units digit of 2438191984?
4
What is the hundred thousands digit of 2515639195?
6
What is the thousands digit of 49331372?
1
What is the ten millions digit of 41541249?
4
What is the hundreds digit of 3975423679?
6
What is the hundreds digit of 88517058?
0
What is the ten thousands digit of 224815409?
1
What is the units digit of 219221014?
4
What is the tens digit of 10103956?
5
What is the hundreds digit of 2468514283?
2
What is the ten millions digit of 257999689?
5
What is the units digit of 519956055?
5
What is the ten thousands digit of 4952201693?
0
What is the ten thousands digit of 108059924?
5
What is the hundred thousands digit of 2138376591?
3
What is the units digit of 225210037?
7
What is the millions digit of 122392473?
2
What is the hundreds digit of 699089978?
9
What is the ten thousands digit of 1842450692?
5
What is the ten thousands digit of 1817618575?
1
What is the tens digit of 830986948?
4
What is the hundreds digit of 975848597?
5
What is the hundred thousands digit of 115943913?
9
What is the tens digit of 793741813?
1
What is the ten millions digit of 204151735?
0
What is the tens digit of 34286845?
4
What is the millions digit of 36120535?
6
What is the hundred millions digit of 187923262?
1
What is the tens digit of 181403500?
0
What is the millions digit of 1567257982?
7
What is the ten thousands digit of 5180156950?
5
What is the ten millions digit of 35454494?
3
What is the ten millions digit of 4483289561?
8
What is the millions digit of 180057